?
540
What is the remainder when 577 is divided by 294?
283
What is the remainder when 32913 is divided by 5450?
213
What is the remainder when 34204 is divided by 246?
10
What is the remainder when 396605 is divided by 32?
29
What is the remainder when 6431 is divided by 33?
29
What is the remainder when 2795 is divided by 53?
39
Calculate the remainder when 414073 is divided by 1704.
1
Calculate the remainder when 1444 is divided by 304.
228
Calculate the remainder when 122657 is divided by 13627.
14
What is the remainder when 230321 is divided by 42?
35
Calculate the remainder when 296674 is divided by 455.
14
Calculate the remainder when 289798 is divided by 161.
159
Calculate the remainder when 1907 is divided by 166.
81
Calculate the remainder when 580788 is divided by 580767.
21
What is the remainder when 21400 is divided by 102?
82
Calculate the remainder when 4935 is divided by 459.
345
What is the remainder when 37604 is divided by 26?
8
Calculate the remainder when 1469818 is divided by 22.
20
Calculate the remainder when 4113 is divided by 23.
19
What is the remainder when 15315 is divided by 243?
6
Calculate the remainder when 72915 is divided by 77.
73
What is the remainder when 3633 is divided by 906?
9
What is the remainder when 8125 is divided by 127?
124
What is the remainder when 16027 is divided by 1073?
1005
Calculate the remainder when 94759 is divided by 564.
7
What is the remainder when 186 is divided by 170?
16
What is the remainder when 2122 is divided by 20?
2
What is the remainder when 9845 is divided by 229?
227
Calculate the remainder when 1172619 is divided by 9161.
11
What is the remainder when 42414 is divided by 21196?
22
Calculate the remainder when 13869 is divided by 3.
0
Calculate the remainder when 2553 is divided by 16.
9
What is the remainder when 24645 is divided by 14?
5
What is the remainder when 3844 is divided by 297?
280
What is the remainder when 28710 is divided by 151?
20
What is the remainder when 27003 is divided by 59?
40
Calculate the remainder when 44531 is divided by 33.
14
What is the remainder when 31770 is divided by 85?
65
Calculate the remainder when 174559 is divided by 37.
30
What is the remainder when 14179 is divided by 9?
4
What is the remainder when 3144 is divided by 62?
44
What is the remainder when 65109 is divided by 13019?
14
What is the remainder when 21210 is divided by 83?
45
What is the remainder when 115323 is divided by 1988?
19
Calculate the remainder when 931827 is divided by 30.
27
Calculate the remainder when 88954 is divided by 346.
32
Calculate the remainder when 17206 is divided by 210.
196
What is the remainder when 85604 is divided by 410?
324
What is the remainder when 44889 is divided by 377?
26
What is the remainder when 10129 is divided by 149?
146
Calculate the remainder when 1406 is divided by 1285.
121
What is the remainder when 453 is divided by 128?
69
What is the remainder when 269567 is divided by 2930?
7
Calculate the remainder when 123681 is divided by 179.
171
Calculate the remainder when 7448 is divided by 831.
800
Calculate the remainder when 306079 is divided by 397.
389
What is the remainder when 1897499 is divided by 1382?
13
Calculate the remainder when 6621 is divided by 3282.
57
Calculate the remainder when 105591 is divided by 1147.
67
What is the remainder when 6141 is divided by 6059?
82
Calculate the remainder when 326573 is divided by 110.
93
What is the remainder when 15716 is divided by 44?
8
Calculate the remainder when 260861 is divided by 26086.
1
What is the remainder when 7741 is divided by 3151?
1439
Calculate the remainder when 3589 is divided by 596.
13
Calculate the remainder when 43874 is divided by 89.
86
What is the remainder when 49199 is divided by 24595?
9
Calculate the remainder when 1231 is divided by 1125.
106
Calculate the remainder when 146137 is divided by 50.
37
Calculate the remainder when 1401 is divided by 163.
97
Calculate the remainder when 12256 is divided by 1211.
146
What is the remainder when 11891 is divided by 5780?
331
Calculate the remainder when 5457 is divided by 130.
127
What is the remainder when 146 is divided by 9?
2
What is the remainder when 341 is divided by 275?
66
What is the remainder when 41939 is divided by 466?
465
What is the remainder when 24673 is divided by 41?
32
What is the remainder when 8070 is divided by 505?
495
What is the remainder when 893 is divided by 204?
77
Calculate the remainder when 17613 is divided by 75.
63
What is the remainder when 10153 is divided by 850?
803
Calculate the remainder when 68141 is divided by 1793.
7
Calculate the remainder when 19372 is divided by 80.
12
Calculate the remainder when 17046 is divided by 1553.
1516
Calculate the remainder when 259 is divided by 64.
3
Calculate the remainder when 3434 is divided by 588.
494
What is the remainder when 13522 is divided by 138?
136
Calculate the remainder when 3035 is divided by 82.
1
Calculate the remainder when 1642 is divided by 278.
252
Calculate the remainder when 23073 is divided by 199.
188
What is the remainder when 35977 is divided by 10?
7
What is the remainder when 3736 is divided by 8?
0
What is the remainder when 10676 is divided by 1335?
1331
What is the remainder when 3400 is divided by 987?
439
What is the remainder when 4570338 is divided by 383?
382
What is the remainder when 6571 is divided by 1312?
11
Calculate the remainder when 2914 is divided by 208.
2
What is the remainder when 16200 is divided by 5394?
18
Calculate the remainder when 6428 is divided by 3197.
34
Calculate the remainder when 14606 is divided by 72.
62
Calculate the remainder when 1179 is divided by 120.
99
What is the remainder when 17632 is divided by 504?
496
What is the remainder when 1120 is divided by 1111?
9
Calculate the remainder when 44938 is divided by 12.
10
Calculate the remainder when 42171 is divided by 42146.
25
What is the remainder when 2363 is divided by 265?
243
What is the remainder when 65974 is divided by 17?
14
Calculate the remainder when 230069 is divided by 19172.
5
Calculate the remainder when 24762 is divided by 775.
737
Calculate the remainder when 2109 is divided by 261.
21
What is the remainder when 3767279 is divided by 10?
9
Calculate the remainder when 17048 is divided by 34.
14
What is the remainder when 14367 is divided by 1301?
56
What is the remainder when 20496 is divided by 2049?
6
Calculate the remainder when 270086 is divided by 23.
20
Calculate the remainder when 15671 is divided by 5176.
143
Calculate the remainder when 1572 is divided by 21.
18
What is the remainder when 262655 is divided by 216?
215
Calculate the remainder when 68725 is divided by 15.
10
Calculate the remainder when 74780 is divided by 331.
305
What is the remainder when 21879 is divided by 20?
19
What is the remainder when 12728 is divided by 18?
2
Calculate the remainder when 113679 is divided by 16.
15
Calculate the remainder when 5090 is divided by 76.
74
Calculate the remainder when 28439 is divided by 1353.
26
Calculate the remainder when 11438 is divided by 547.
498
Calculate the remainder when 1515 is divided by 22.
19
Calculate the remainder when 5814 is divided by 2436.
942
What is the remainder when 10292 is divided by 271?
265
What is the remainder when 3170712 is divided by 13?
12
What is the remainder when 70547 is divided by 415?
412
Calculate the remainder when 10174 is divided by 22.
10
Calculate the remainder when 20211 is divided by 361.
356
What is the remainder when 233697 is divided by 58?
15
Calculate the remainder when 365286 is divided by 43.
1
Calculate the remainder when 2292 is divided by 350.
192
Calculate the remainder when 674248 is divided by 30.
28
What is the remainder when 14898 is divided by 149?
147
What is the remainder when 305618 is divided by 35?
33
Calculate the remainder when 91787 is divided by 900.
887
What is the remainder when 7406 is divided by 1245?
1181
What is the remainder when 26749 is divided by 88?
85
Calculate the remainder when 19485 is divided by 778.
35
What is the remainder when 64115 is divided by 10682?
23
Calculate the remainder when 139657 is divided by 69826.
5
Calculate the remainder when 79320 is divided by 2034.
2028
Calcul